7) to base 8
-340647
58453 (base 10) to base 3
2222011221
Convert bdd23c (base 14) to base 2.
11000100111000110000110
-22175646 (base 9) to base 8
-50754461
What is -5f2c8 (base 16) in base 7?
-3212352
What is 1210010 (base 6) in base 13?
22ba5
-110101101010001101 (base 2) to base 14
-5a153
What is 2136388 (base 9) in base 14?
21ba75
Convert 25032 (base 11) to base 2.
1000110010000100
Convert 64d75 (base 15) to base 11.
1a96a9
-4681506 (base 9) to base 10
-2533686
-1322 (base 13) to base 15
-c22
Convert b1a0b0 (base 13) to base 8.
17613761
What is 2411044341 (base 5) in base 16?
54ec9c
b68a71 (base 14) to base 5
3034424241
Convert -1011011100110001001011 (base 2) to base 10.
-3001419
12653136 (base 9) to base 13
13a40c9
Convert -4471331 (base 9) to base 16.
-24c1b7
-454163 (base 8) to base 9
-253764
Convert 293093 (base 11) to base 3.
212021012201
-1403468 (base 10) to base 5
-324402333
-220302202 (base 4) to base 10
-167074
222011020110 (base 3) to base 13
150459
e740b (base 16) to base 11
597721
What is -101827 (base 12) in base 14?
-67a59
Convert -2524500 (base 6) to base 9.
-226280
What is 323dc (base 15) in base 8?
467423
What is -65681 (base 13) in base 9?
-308605
What is 110110110100111 (base 2) in base 4?
12312213
Convert -101120002202 (base 3) to base 7.
-1523642
What is 632003 (base 7) in base 14?
2b8aa
Convert 12d95d (base 14) to base 9.
1203548
What is 34043231 (base 5) in base 14?
7b396
Convert 242242b (base 13) to base 11.
6360545
Convert ab776 (base 13) to base 16.
4bf11
What is b5f1 (base 16) in base 15?
dc02
What is -100011001101010110011011 (base 2) in base 3?
-122100220210121
Convert 703461 (base 8) to base 6.
4542241
-2121001201 (base 3) to base 8
-143604
Convert 15043402 (base 7) to base 10.
1422619
4532120 (base 7) to base 10
562583
-125563 (base 7) to base 16
-5c3e
11111100110101101001 (base 2) to base 5
231120000
What is 220133330 (base 4) in base 11?
1036a4
-45645 (base 7) to base 12
-68a6
Convert -11424003 (base 5) to base 12.
-52603
What is -130511114 (base 6) in base 2?
-1001110000111101110110
-1002101 (base 6) to base 4
-23200111
Convert 8958a (base 13) to base 12.
100284
17067105 (base 9) to base 12
2a4264b
What is 3ca700 (base 14) in base 16?
2017ec
What is -44965e (base 15) in base 7?
-36544550
What is 221012120 (base 3) in base 4?
10133013
339895 (base 12) to base 4
3021202301
Convert 252032253 (base 6) to base 8.
22415511
What is -10a13 (base 13) in base 3?
-1112112000
Convert 266803 (base 10) to base 4.
1001020303
-21663541 (base 8) to base 14
-89b517
-60d17a (base 16) to base 5
-3111020312
Convert -1a86a0 (base 12) to base 13.
-1364ca
-1324101313 (base 5) to base 16
-33128b
-22356 (base 9) to base 10
-14874
1001100010021 (base 3) to base 4
2020023031
Convert -103217 (base 9) to base 3.
-10010020121
Convert -20102022 (base 7) to base 15.
-22d330
What is -1210014131 (base 5) in base 11?
-1651a49
383868 (base 14) to base 15
2820cc
What is -1100010101110101111011 (base 2) in base 5?
-1312011240
Convert 58860 (base 16) to base 4.
1120201200
Convert b505d (base 14) to base 2.
1101010100010011011
-71972a (base 13) to base 5
-1134223404
1446047 (base 8) to base 11
262092
What is 302101110 (base 4) in base 14?
5507a
-13258c (base 14) to base 15
-d06c9
-350b3 (base 12) to base 13
-26403
What is 5572161 (base 8) in base 5?
341114434
What is -a49b4 (base 13) in base 6?
-10202402
Convert 10373 (base 16) to base 15.
14a2e
Convert -336068 (base 10) to base 3.
-122001222222
-2565444 (base 9) to base 13
-3a0bbb
533624 (base 8) to base 4
223132110
-635154 (base 13) to base 7
-25521306
What is -33477 (base 11) in base 4?
-23311210
Convert -100111111010111110111100 (base 2) to base 5.
-10134341322
1220001222022 (base 3) to base 7
11354552
What is -209926 (base 11) in base 12?
-141b92
366851 (base 9) to base 5
24042311
What is -1111110000001 (base 2) in base 6?
-101201
-120112102221120 (base 3) to base 15
-ad12c6
Convert -9b45cb (base 13) to base 16.
-37eec8
What is 14e1 (base 15) in base 6?
32434
-254695 (base 10) to base 8
-761347
Convert 2001200 (base 3) to base 14.
795
Convert -34555728 (base 9) to base 2.
-1000000000111010000101111
Convert -134253440 (base 7) to base 12.
-2b21402
What is -2186a6 (base 11) in base 13?
-c2672
What is 31978 (base 13) in base 8?
256634
-4424014403 (base 5) to base 15
-c97e53
What is -15306 (base 11) in base 3?
-1002201102
-342034240 (base 5) to base 7
-15621601
What is -6335042 (base 7) in base 13?
-20a425
Convert 11011110110110110 (base 2) to base 6.
2240130
What is 11344372 (base 8) in base 5?
1113220112
Convert -343636 (base 8) to base 7.
-664024
371314 (base 8) to base 13
46176
What is 301121021331 (base 4) in base 10?
12948093
-866780 (base 11) to base 15
-1c5650
What is -344415 (base 12) in base 10?
-836945
-60165246 (base 7) to base 2
-10010111110011011101110
Convert -1526741 (base 12) to base 9.
-8047204
What is -118be5 (base 15) in base 6?
-25555242
What is 10042 (base 8) in base 4?
1000202
Convert 24211341 (base 5) to base 3.
102110210200
111201110111201 (base 3) to base 16
6f43b4
Convert -6f2ca (base 16) to base 14.
-bbd46
Convert -1521537 (base 10) to base 15.
-200c5c
What is 1331b3 (base 13) in base 16?
7140a
Convert 27823 (base 13) to base 10.
73882
What is -43ab (base 12) in base 3?
-101020212
Convert 1001001010011101 (base 2) to base 5.
2200113
Convert 31102303 (base 4) to base 9.
82621
-30278 (base 11) to base 13
-171ab
What is -1635887 (base 11) in base 5?
-1203231013
Convert 30221232 (base 5) to base 7.
2025510
Convert -10630 (base 8) to base 6.
-32504
Convert 45ca4 (base 16) to base 13.
a0163
Convert 182997 (base 11) to base 5.
33011121
What is 37073 (base 13) in base 2?
11000101100100100
-46be13 (base 15) to base 13
-915219
-1110001001011010100 (base 2) to base 8
-1611324
Convert -32110277 (base 8) to base 4.
-122021002333
What is -22113100212 (base 4) in base 12?
-ab0206
What is -148201 (base 10) in base 16?
-242e9
Convert 8163c (base 14) to base 7.
2434405
-501604 (base 9) to base 3
-120001200011
13bd97 (base 15) to base 7
11041612
Convert -2a3785 (base 11) to base 12.
-1a9b99
12111302002 (base 4) to base 6
55342454
What is 300131404 (base 5) in base 12?
489240
What is 25d4c2 (base 15) in base 11?
1031016
What is 3cc2ca (base 16) in base 8?
17141312
-230225033 (base 6) to base 10
-4218285
a67158 (base 11) to base 7
20342114
What is -12100010201 (base 3) in base 11?
-71a44
-777037 (base 8) to base 11
-169656
What is 2200110011110 (base 3) in base 12?
589310
What is 123331132123 (base 4) in base 2?
11011111101011110011011
-1122021011101 (base 3) to base 8
-3245551
f3c3d (base 16) to base 10
998461
Convert -1344521 (base 6) to base 16.
-129c1
What is -10bdef (base 16) in base 11?
-68a384
-816500 (base 13) to base 16
-2df944
What is -135757 (base 15) in base 9?
-1666371
6d4c7 (base 15) to base 11
218aa1
Convert 4a626d (base 16) to base 11.
282a612
2110310243 (base 5) to base 8
20564461
Convert 15800733 (base 10) to base 5.
13021110413
Convert 2422064 (base 7) to base 11.
1a04a5
-de72c (base 16) to base 11
-572617
271597 (base 11) to base 13
11c25a
What is 3dc01 (base 14) in base 5?
14401043
Convert 2ba23 (base 15) to base 3.
21010221120
Convert 42445 (base 7) to base 4.
2210113
What is 17592b3 (base 12) in base 6?
251521543
Convert -10010111001010100001 (base 2) to base 7.
-5156105
1244155 (base 6) to base 2
10000101011100111
Convert -2c1295 (base 13) to base 7.
-12150640
-e739d (base 15) to base 10
-733198
What is 161221 (base 8) in base 10?
58001
What is -10110111110111010001 (base 2) in base 15?
-ed220
-7b08 (base 12) to base 15
-40c8
Convert -8ed8f (base 16) to base 8.
-2166617
Convert -321434033 (base 5) to base 10.
-1358643
What is -30c7a (base 15) in base 13?
-55543
What is 96082 (base 14) in base 11?
228244
-200043 (base 8) to base 14
-19c79
What is -22212001010212 (base 3) in base 11?
-2723a97
Convert -201001320 (base 4) to base 3.
-20212120200
-8b31 (base 15) to base 14
-aa89
-1033b (base 16) to base 13
-2428b
-30729 (base 10) to base 15
-9189
Convert 43c441 (base 16) to base 6.
235104521
30a733 (base 15) to base 4
20310310122
What is 231c0 (base 14) in base 12?
41530
Convert -14042214 (base 5) to base 14.
-3a3b4
Convert 2c5833 (base 15) to base 12.
875379
-346